ts digit of 61833054?
4
What is the thousands digit of 237143715?
3
What is the thousands digit of 8774356?
4
What is the thousands digit of 450823743?
3
What is the units digit of 169077712?
2
What is the hundred millions digit of 443085459?
4
What is the hundreds digit of 214184200?
2
What is the millions digit of 2257172?
2
What is the ten thousands digit of 43807442?
0
What is the hundreds digit of 88377246?
2
What is the hundreds digit of 235954682?
6
What is the hundreds digit of 1806264204?
2
What is the thousands digit of 1324531406?
1
What is the hundred thousands digit of 17459486?
4
What is the thousands digit of 362279201?
9
What is the ten millions digit of 54887579?
5
What is the millions digit of 4107888327?
7
What is the ten thousands digit of 185292759?
9
What is the units digit of 28937331?
1
What is the millions digit of 1066217795?
6
What is the ten thousands digit of 92041232?
4
What is the hundred millions digit of 275078900?
2
What is the hundred thousands digit of 199624722?
6
What is the thousands digit of 10048572?
8
What is the millions digit of 1676630?
1
What is the units digit of 1573889984?
4
What is the tens digit of 16067026?
2
What is the millions digit of 42639269?
2
What is the hundreds digit of 28002621?
6
What is the ten millions digit of 2797592438?
9
What is the hundred millions digit of 1779062021?
7
What is the ten millions digit of 554759344?
5
What is the hundred millions digit of 286895785?
2
What is the units digit of 1241559128?
8
What is the tens digit of 692337171?
7
What is the hundred thousands digit of 72814132?
8
What is the millions digit of 1291887?
1
What is the units digit of 1608045547?
7
What is the hundred thousands digit of 28699959?
6
What is the hundred millions digit of 137808010?
1
What is the ten millions digit of 81117818?
8
What is the ten millions digit of 2987866136?
8
What is the millions digit of 64995734?
4
What is the units digit of 101860849?
9
What is the units digit of 244055244?
4
What is the hundred millions digit of 313405383?
3
What is the ten millions digit of 908414949?
0
What is the ten millions digit of 8692599232?
9
What is the tens digit of 280136741?
4
What is the millions digit of 456144035?
6
What is the ten thousands digit of 56584687?
8
What is the ten millions digit of 1080599350?
8
What is the tens digit of 111827682?
8
What is the hundred thousands digit of 84274544?
2
What is the ten millions digit of 2793592714?
9
What is the ten millions digit of 12095537?
1
What is the units digit of 44140049?
9
What is the ten thousands digit of 470115355?
1
What is the hundreds digit of 228190080?
0
What is the ten thousands digit of 1064746240?
4
What is the tens digit of 52584459?
5
What is the thousands digit of 56606426?
6
What is the hundred thousands digit of 2706258574?
2
What is the hundred millions digit of 794461924?
7
What is the millions digit of 506913806?
6
What is the ten millions digit of 504776323?
0
What is the tens digit of 741740830?
3
What is the hundred thousands digit of 203231525?
2
What is the units digit of 616266516?
6
What is the hundred millions digit of 973367202?
9
What is the tens digit of 141808394?
9
What is the ten thousands digit of 25458654?
5
What is the hundred thousands digit of 4399316204?
3
What is the hundreds digit of 228566309?
3
What is the hundreds digit of 75097861?
8
What is the units digit of 61056555?
5
What is the ten millions digit of 369562775?
6
What is the tens digit of 28963309?
0
What is the ten thousands digit of 1786573173?
7
What is the billions digit of 5083853383?
5
What is the billions digit of 1079666653?
1
What is the hundred millions digit of 452391857?
4
What is the hundred millions digit of 578375916?
5
What is the tens digit of 1917728100?
0
What is the hundreds digit of 1219957658?
6
What is the hundred thousands digit of 86785106?
7
What is the ten millions digit of 59219711?
5
What is the billions digit of 4668923702?
4
What is the tens digit of 163473009?
0
What is the millions digit of 66455035?
6
What is the thousands digit of 1107202335?
2
What is the hundred millions digit of 3759120789?
7
What is the tens digit of 304619192?
9
What is the hundred thousands digit of 24585934?
5
What is the ten millions digit of 356576976?
5
What is the hundred thousands digit of 626416237?
4
What is the ten millions digit of 504106178?
0
What is the thousands digit of 120854202?
4
What is the hundred millions digit of 338290879?
3
What is the units digit of 50090507?
7
What is the ten thousands digit of 70395752?
9
What is the tens digit of 409429481?
8
What is the ten millions digit of 805208280?
0
What is the ten thousands digit of 1261092130?
9
What is the tens digit of 12369422?
2
What is the thousands digit of 12852061?
2
What is the hundreds digit of 191043448?
4
What is the thousands digit of 42230229?
0
What is the hundred millions digit of 121169183?
1
What is the tens digit of 346078934?
3
What is the units digit of 737594496?
6
What is the millions digit of 53352891?
3
What is the tens digit of 162080680?
8
What is the hundred thousands digit of 722238438?
2
What is the thousands digit of 5328079732?
9
What is the thousands digit of 237795291?
5
What is the ten millions digit of 293430959?
9
What is the hundred thousands digit of 204865283?
8
What is the tens digit of 16718916?
1
What is the millions digit of 2104180950?
4
What is the units digit of 40454253?
3
What is the ten millions digit of 1432398253?
3
What is the hundred thousands digit of 152414586?
4
What is the hundreds digit of 33390357?
3
What is the ten thousands digit of 647795772?
9
What is the ten thousands digit of 338793894?
9
What is the millions digit of 41243695?
1
What is the units digit of 84534103?
3
What is the hundred thousands digit of 24027272?
0
What is the thousands digit of 67536097?
6
What is the units digit of 54576271?
1
What is the hundred millions digit of 339446415?
3
What is the ten thousands digit of 114465253?
6
What is the hundred thousands digit of 333864270?
8
What is the thousands digit of 2302293763?
3
What is the millions digit of 6955687?
6
What is the units digit of 376122654?
4
What is the millions digit of 481621019?
1
What is the thousands digit of 279118854?
8
What is the thousands digit of 20240603?
0
What is the units digit of 220115381?
1
What is the hundreds digit of 427984043?
0
What is the units digit of 643915954?
4
What is the ten millions digit of 25157673?
2
What is the thousands digit of 957654992?
4
What is the tens digit of 25651900?
0
What is the millions digit of 2773652417?
3
What is the thousands digit of 472738602?
8
What is the hundreds digit of 317937608?
6
What is the units digit of 25838707?
7
What is the tens digit of 1769067957?
5
What is the hundreds digit of 15591943?
9
What is the thousands digit of 677972527?
2
What is the tens digit of 747463785?
8
What is the billions digit of 1066740906?
1
What is the ten millions digit of 4942451498?
4
What is the ten millions digit of 986494947?
8
What is the thousands digit of 420684476?
4
What is the tens digit of 55311986?
8
What is the ten thousands digit of 11324402?
2
What is the ten thousands digit of 2635166425?
6
What is the hundred thousands digit of 1497916796?
9
What is the thousands digit of 2966877780?
7
What is the billions digit of 1499279446?
1
What is the millions digit of 2825600?
2
What is the hundred millions digit of 462323872?
4
What is the hundred thousands digit of 1982733829?
7
What is the millions digit of 30178506?
0
What is the thousands digit of 35670668?
0
What is the hundred thousands digit of 2490792055?
7
What is the ten millions digit of 37101178?
3
What is the billions digit of 7566097549?
7
What is the hundreds digit of 766250367?
3
What is the tens digit of 544807649?
4
What is the hundred thousands digit of 49007956?
0
What is the thousands digit of 12028672?
8
What is the hundreds digit of 250172117?
1
What is the ten millions digit of 64375372?
6
What is the ten thousands digit of 11999074?
9
What is the units digit of 973081919?
9
What is the hundreds digit of 2590545409?
4
What is the tens digit of 475296384?
8
What is the ten millions digit of 35491673?
3
What is the millions